(b) = -30 - 6 + 15*b + 1 - 6*b - 1. Let u be d(18). What is the highest common factor of u and 54?
18
Let z = 12 - -76. Suppose 6*u - 2*u - z = 0. Suppose 69*r = 64*r + 1210. Calculate the greatest common factor of r and u.
22
Suppose 6*a = 8*a - 28. Suppose 0*z + z - 14 = 0. Suppose -21*m = -19*m - z. Calculate the highest common factor of m and a.
7
Let h(r) = 110*r + 5862. Let i be h(-52). What is the greatest common divisor of 23288 and i?
142
Let z(o) = 55*o**3 + 2*o**2 - 2*o. Suppose 6*y - 113 + 107 = 0. Let h be z(y). What is the greatest common factor of 385 and h?
55
Suppose u = -5*m + 6321, -10*m = -9*m + 5. What is the greatest common divisor of u and 57?
19
Let x = -51291 + 51323. Let t be 33/(-2)*(-24)/18. Suppose i = 4*m + 24, -5*i + 4*m + 66 = -t. What is the highest common divisor of x and i?
16
Let g(n) be the third derivative of -8*n**2 + 1/6*n**4 + 16/3*n**3 + 0*n + 0. Let l be g(6). What is the greatest common divisor of l and 8?
8
Let m = -404 - -2132. Suppose 13*w - m = -19*w. What is the highest common factor of w and 594?
54
Let u = -2102 + 3753. Suppose 5*l - 3*k + 1875 = 0, -3*k - 254 = 5*l + u. Let h = -252 - l. Calculate the greatest common factor of h and 18.
18
Let c = 8513 + -8421. What is the greatest common divisor of 92 and c?
92
Let r be (-5)/2*32/(-20). Let p(u) = 497*u + 2. Let j be p(0). Calculate the highest common factor of j and r.
2
Let c(b) = b**3 - 15*b**2 - 2*b + 32. Let d be c(14). Let i = -188 - d. What is the greatest common divisor of 1 and i?
1
Suppose 8*z = 9*z - 29. Let x = z - 9. Suppose 0 = -5*r + x, 27 = 5*u - 2*r - 40. What is the greatest common divisor of u and 165?
15
Suppose 162 = -2*q + 402. Let f be -3 + 9584/10 + 98/(-70). Let t = f - 924. Calculate the highest common divisor of q and t.
30
Let g be (-8155)/(-10) + (84/8)/(-7). Suppose 8*q - g = 6*q. What is the greatest common factor of 74 and q?
37
Let q = -1816 + 8986. Calculate the highest common divisor of 240 and q.
30
Let l(q) = -57*q + 722. Let c be l(6). What is the greatest common factor of 4750 and c?
190
Suppose s + 3 = 3*f, s - f - 7 = -4. Suppose -22 = -s*z - 16. What is the highest common factor of 16 and z?
1
Suppose -3*c - 7 + 20 = 4*d, -24 = -4*c - 2*d. Let x(k) = k**3 - 6*k**2 - 4. Let f be x(c). Calculate the highest common divisor of 60 and f.
15
Suppose 2*g = -2389 + 2429. Calculate the greatest common divisor of 755 and g.
5
Suppose -6*p + 17*p + 13*p = 19200. What is the greatest common divisor of p and 100?
100
Let d(p) = 3*p**3 - 2*p**2 + p. Suppose 10*m + 44 = 14. Let x be ((-2 - -6) + -7)/(m/2). Let w be d(x). Calculate the greatest common divisor of 6 and w.
6
Let a = 1 + 1. Let b be 82/a + (-2 - -3). Let c = -1824 - -2160. Calculate the highest common divisor of b and c.
42
Suppose 10 + 14 = 2*v. Let q(s) = 6*s + 230. Let k be q(-19). Suppose 0 = -2*b - 4*h + k, -5*b + 3*h + 363 = 60. What is the highest common divisor of b and v?
12
Let t be (-56)/(154/(-21) + 7). What is the greatest common divisor of 294 and t?
42
Suppose 0 = 2*i, -5 = 3*w - i - 2. Let z be (-142614)/(-540) + w/10. Calculate the greatest common divisor of 24 and z.
24
Let z(m) = 3*m**2 - 54*m - 316. Let b be z(-8). Calculate the highest common factor of b and 264.
44
Let x be 81 + -5 + -126 + 112. Let y = -85 + 333. Calculate the highest common divisor of x and y.
62
Suppose 4031*g = 4052*g - 1596. Calculate the greatest common factor of 1273 and g.
19
Suppose 5*b - 679 - 401 = 5*q, b - 220 = 5*q. Suppose -m + b = w, 10*m = 3*w + 9*m - 665. What is the highest common factor of w and 11?
11
Suppose -2*c = -11 - 5. Suppose c*j - 182 - 26 = 0. Suppose 0 = w - 5, -4 - j = -a - 3*w. Calculate the highest common factor of 15 and a.
15
Let w = 70 - 64. Suppose w = 2*o - 4*o, -3*b - 4*o = -228. What is the highest common divisor of 200 and b?
40
Let n(w) = -w**3 - 21*w**2 + 21*w - 17. Let d be n(-22). Let o be d - -2 - (-54)/(-9). What is the greatest common divisor of o and 19?
1
Let u = 1 + -9. Let j be (876/48)/((-1)/u). Suppose 5*n = j + 774. What is the greatest common factor of n and 46?
46
Let w = -6746 + 7061. What is the greatest common divisor of 2340 and w?
45
Suppose j = -j + 2, 5*p - 3*j = 452. Let o = 163 + -165. Let y(m) = -m**2 - 8*m - 5. Let h be y(o). Calculate the greatest common factor of h and p.
7
Let b(t) = -t**2 + 2*t + 37. Let u be b(-5). Suppose u*g + 242 - 254 = 0. Calculate the greatest common factor of 15 and g.
3
Suppose -72*v - 211*v + 119395 = -4276. Let w(g) = g**3 + 9*g**2 + 4*g - 9. Let z be w(-8). Calculate the highest common factor of z and v.
23
Suppose -16*k = -52 - 108. Let f(b) = -7*b - 41. Let p be f(-18). What is the highest common divisor of p and k?
5
Let k(r) = -5*r**2 + 73*r - 26. Let n be k(14). Calculate the greatest common factor of 4 and n.
4
Let k be -3*1*4448/(-24). Suppose -45*b = -14236 + k. Calculate the highest common factor of 16 and b.
16
Let h = -6 - -8. Let r be h*3/(-6)*-1. Let j(a) = 6*a - 3. Let k be j(1). What is the highest common divisor of k and r?
1
Suppose 869 = -43*w + 2933. Let h be (-1099)/(-35) - (-6)/10. What is the highest common divisor of h and w?
16
Let h be ((-54)/(-33))/((-429)/(-6292)). Let s be (-3)/(-2)*68*4. What is the greatest common divisor of h and s?
24
Let m(z) = -4*z**2 - 349*z - 4. Let u be m(-87). What is the greatest common divisor of 6972 and u?
83
Suppose 13*v = 55*v - 30683 + 2627. Calculate the greatest common divisor of v and 16.
4
Let l be 9*980/630 + 108 + 1. Let a(u) = 4*u**2 + 6*u - 3. Let v be a(-8). Calculate the greatest common factor of v and l.
41
Suppose -z = 2*w + 2, -5*z + 3*w - 6*w = -11. Let j be (-12 - 1)/(z + 39/(-9)). Calculate the greatest common divisor of j and 65.
13
Let j be (1 + 1)*(4 + 18). Suppose -123 = -2*x + 4*d - 3, j = x + 2*d. Let i = x + -41. Calculate the highest common divisor of i and 1.
1
Let l be 1*-7*(-49)/(1176/4080). What is the highest common factor of 45 and l?
5
Let i be (-4)/(15/12960*-4). Let t = 83 - 51. What is the greatest common factor of t and i?
32
Let l(m) = -140*m + 3936. Let s be l(28). What is the greatest common factor of 2536 and s?
8
Let m be (-11)/(-3) + ((-5)/3 - -2). Suppose -m*p = 29 - 509. Suppose -4*o + 2*d - p = -9*o, -3*o = -4*d - 98. What is the greatest common factor of 39 and o?
13
Suppose 5*s - 51 = 49. Suppose -3*f + 8 = -o + 3*o, -2 = -2*f - 3*o. Let b be 1/(121/30 - f). Calculate the highest common factor of s and b.
10
Suppose j = -2*l + 63, -4*l + j = -8*l + 123. What is the greatest common factor of l and 1194?
6
Suppose -2*w = 3*y - 1518, 3*w - 207 = -2*y + 2065. What is the greatest common divisor of 924 and w?
84
Suppose -2*z + 216*c + 384 = 213*c, 4*c - 8 = 0. Calculate the highest common factor of z and 2210.
65
Let v(o) = 578*o**2 + 13*o - 28. Let j be v(3). Calculate the highest common divisor of j and 65.
13
Let r = -71 + 67. Let z(l) = 22*l**2 - 4*l - 16. Let x be z(r). Calculate the greatest common divisor of 22 and x.
22
Let u be 24/(1 + 0)*4964/876. Calculate the highest common divisor of 476 and u.
68
Suppose 24910*n - 24908*n - 1632 = 0. What is the greatest common factor of n and 51?
51
Let f be (-362)/(-2) + 12/4 + -7. Let y = -137 + f. Calculate the highest common factor of 40 and y.
40
Let z be 2/((-16)/12)*66/(-9). Suppose -2*s - 4*b + 11 = 3*s, 0 = -3*s + 2*b - z. Let q be (117/26)/(s/(-2)). Calculate the greatest common factor of q and 54.
9
Let z = 94 - 62. Let m be 10*13826/155 - -36. Calculate the highest common factor of z and m.
32
Let u be 903/3 - (0 + -1 - 2). Let g = 368 - u. Calculate the highest common factor of 704 and g.
64
Let h be (-1 - (-7 - -3)) + -1. Let j(t) = 0*t**2 - t**2 - 9 - 6*t + 17*t + 0*t**h. Let n be j(8). Calculate the greatest common divisor of 6 and n.
3
Let g(y) = -4*y - 36. Let i be g(-11). Suppose -350 = 3*w - i*w. Let q = w + -49. What is the highest common divisor of q and 105?
21
Let t be -447*(5/15)/((-4)/(-8)). Let x = t + 301. Let m be 39 + -1 + -2 + 3. Calculate the greatest common divisor of x and m.
3
Let c(u) = 11*u**3 - 3*u**2 + 6*u + 6. Let k be c(6). Suppose k = -7*s + 28*s. What is the highest common divisor of 88 and s?
22
Let z be (12/(-1026)*-9 - 55/(-19))*43. Calculate the greatest common div